 + f. What is the remainder when o is divided by 14?
8
Let a(n) = n**3 + 10*n**2 + 10*n - 19. Suppose 0 = -r + 1 - 9. What is the remainder when 115 is divided by a(r)?
28
Let a = -11626 + 12340. What is the remainder when a is divided by 15?
9
Suppose -9*t + 4*r = -11*t + 50, -t + 5*r + 102 = 0. Suppose 2*q + 0*q = -h + 11, h - 23 = -4*q. Let j = q + 0. What is the remainder when t is divided by j?
5
Let z = 29 + -20. Suppose 27*j - 14*j + 4251 = 0. Calculate the remainder when j/(-13) - 12/78 is divided by z.
7
Let m be 27/(-6)*(-10)/15. Suppose 5*a = 2*h + 3*a - 14, m*h + 4*a = -7. Let u = 861 - 841. What is the remainder when u is divided by h?
2
Let i(f) = -f**3 + 5*f**2 - f + 11. Let w be i(5). Let t be w/8 - (-303)/12. Let c = 48 - t. What is the remainder when 63 is divided by c?
19
Suppose -2*u + 4*j - 996 = 3*u, 0 = 3*u + 2*j + 580. Let h = u + 223. Calculate the remainder when 240 is divided by h.
24
Suppose 164 = -j + 218. Suppose -250 = -5*i + 5*h, -i + 0*i = 3*h - j. What is the remainder when i is divided by 32?
19
Suppose -1004 = -36*j + 20*j + 4*p, 0 = 5*j - 3*p - 305. Calculate the remainder when 3647 is divided by j.
63
Suppose -3*l - 2*y = -177, 5*l + 4*y = 137 + 156. Let s = l - 28. Suppose -14*w + 11*w = -s. Calculate the remainder when 21 is divided by w.
10
Suppose 0 = -3*l + 4*v + 4, 2*l - 2*v - 2*v = -4. Suppose l = -12*b + 116. Calculate the remainder when 39 is divided by b.
3
Suppose 0 = -h - 5*g + 821, 11 = -h + 2*g + 811. What is the remainder when h is divided by 101?
99
Suppose y = 3*p + 126, 5*y + 9*p = 13*p + 641. Let u = 65 - 39. Calculate the remainder when y is divided by u.
25
Let i = 190 - 158. Suppose 2*l + 246 = 2*q + 4*l, 128 = q - 4*l. What is the remainder when q is divided by i?
28
Suppose -910*i + 1 = -24746 - 8013. Let v(j) = -13*j**3. Calculate the remainder when i is divided by v(-1).
10
Let s = -38 + 43. Suppose 5*w - 51 = -5*y + 49, -84 = -s*w + 3*y. What is the remainder when w is divided by 7?
4
Suppose 5*n + 2*r - 11 - 112 = 0, -5*n + 120 = 5*r. Let b(j) = 2*j - 13. Calculate the remainder when n is divided by b(11).
7
Let x(r) = -r**3 + 9*r**2 - 2*r - 6. Let p be x(6). Suppose 0 = -9*f - 0*f + p. Calculate the remainder when 45 is divided by f.
5
Suppose 564*v + 78*v = -26*v + 7348. Let z(x) = x**2 + 8*x + 3. Let a be z(-7). Let l(h) = 4*h**2 + 5*h - 2. What is the remainder when l(a) is divided by v?
9
Let g = -225 - -230. Let r(y) = y**2 + 14*y - 77. Calculate the remainder when 32 is divided by r(g).
14
Let z be 378/91 - (-1)/((-39)/6). Suppose 3*g - 369 = -z*p, 4*p + p - 469 = 4*g. Calculate the remainder when p is divided by 25.
18
Let i be (-30)/((-24)/4)*-1. What is the remainder when -1 - (i - 30/5) is divided by 1?
0
Suppose 1058 = i - 6*p, 0 = 7*i - 9*i + 2*p + 2206. Calculate the remainder when i is divided by 225.
212
Suppose 60*t - 1813 = 23*t. Calculate the remainder when 6/12 + 570/4 is divided by t.
45
Suppose -192 = -12*u + 936. Calculate the remainder when 367 is divided by u.
85
Let q = -41 - -50. Let z(w) = w**3 - 8*w**2 - 4*w + 2. Let x be z(q). Let d = x + -16. What is the remainder when d is divided by 16?
15
Let z(i) = i**2 - 9*i - 4. Suppose 3*j = -j - 5*m + 155, 4*m = -4. Suppose -j = 7*w - 11*w. What is the remainder when 15 is divided by z(w)?
3
Let v(d) = d**2 + 2*d + 6. Suppose -k - 1 = 2*w, k + 2*k + 4*w = -5. Let b = -1135 - -1177. What is the remainder when b is divided by v(k)?
6
Let s = 11901 - 11656. What is the remainder when s is divided by 19?
17
Let c(h) = h**3 - 4*h**2 - 6. Suppose 0 = -3*t + 4*m + 28, 31*m + 24 = 5*t + 30*m. What is the remainder when c(6) is divided by t?
2
Let b be 1 - 1 - (-67 + -28). Suppose -4*j - b = -5*i, 22 + 73 = 5*i + 4*j. What is the remainder when 85 is divided by i?
9
Let j(g) = -g**2 + 10*g - 11. Let v be j(8). Suppose -v*b + m = -25, -13 = -0*b - 2*b + m. Calculate the remainder when 12 is divided by 66/14 + b/14.
2
Let u(r) = -r**3 - 10*r**2 - 11*r - 22. Let g be u(-9). Suppose -5*d = -8*d + 114. What is the remainder when (-2)/g*0 - -111 is divided by d?
35
Let g(w) = -27*w**2 - 75*w + 142*w - 66*w + 2 + w**3 - 17. What is the remainder when g(27) is divided by 12?
0
Let n(q) = 17*q**2 + 1. Suppose -2 = 44*x - 42*x. Calculate the remainder when 107 is divided by n(x).
17
Suppose 0 = m + c - 77 + 754, 0 = -4*m + 3*c - 2736. Let s = m - -853. Calculate the remainder when s is divided by 7.
4
Let t = 81 - 76. What is the remainder when -43*125/10*(-4)/t is divided by 9?
7
Suppose -4*m = 2*f + m - 63, f = 5*m + 24. Suppose -i + 0 = 3*t + 19, -i - 5*t = 17. Let d(a) = 15*a + 340. What is the remainder when f is divided by d(i)?
9
Let s = 1805 - 292. Calculate the remainder when s is divided by 16.
9
Let t(y) = -151*y - 570. What is the remainder when 1012 is divided by t(-6)?
4
Let x(d) = -d + 13. Let w be x(9). Suppose -5*t + 40 = a, -5*a + w*t + 172 = t. Let u = -23 - -42. What is the remainder when a is divided by u?
16
Let c = -955 - -979. Suppose -203 = -c*t + 397. What is the remainder when 15/(2*1/6) is divided by t?
20
Let d(f) = -f**3 + 101*f**2 + 104*f + 15. What is the remainder when 693 is divided by d(102)?
36
Let w = 5 + -9. Suppose 460 = x - 47*x. What is the remainder when (2/w)/(x/740) is divided by 8?
5
Let f be (28/6)/(2/(-33)). Let w be (4 - (-322)/f) + 2006/22. Calculate the remainder when 107 is divided by ((-4)/(-14))/1*w + 1.
26
What is the remainder when (-710010)/(-175) + (-12)/10 is divided by 313?
300
Let o(v) = -v**2 + 19*v + 40. Let p(a) = 10*a + 13. Let z be p(0). What is the remainder when o(z) is divided by 21?
13
Suppose 0 = -5923*r + 6013*r - 1530. Let w = 39 + 11. What is the remainder when w is divided by r?
16
Let y = -58 - -83. Suppose 51*p = -63*p + 35*p + 21646. Calculate the remainder when p is divided by y.
24
Let v = 18 - 8. Suppose -4*c = -j + 11 + 13, 0 = 3*c - j + 18. Calculate the remainder when (-98)/c + 4*4/(-48) is divided by v.
6
Let l = -42 - -124. Let b = -50 + l. Suppose -b*d + 29*d = -93. What is the remainder when 58 is divided by d?
27
Let o = 42 - 37. Suppose 0*m + 5*q - 1090 = -3*m, 4*q + 1755 = o*m. Suppose z - m = -4*z. Calculate the remainder when z is divided by 24.
23
Let r = -408 - -426. Suppose -56*p = -50*p - r. What is the remainder when 33 is divided by p?
0
Suppose 2*m = g - 3, -2*g + 29 = g - 2*m. Let w(k) = k**3 - 14*k**2 + 17*k - 31. Calculate the remainder when 79 is divided by w(g).
16
Let c = -8538 + 10309. Calculate the remainder when c is divided by 45.
16
Suppose 192*r - 79 + 23 = 164*r. Suppose 2*w = -2*w + 4*t + 8, -2*t = -2. Suppose 1 - w = -s. What is the remainder when r is divided by s?
0
Let c be (10 - 4)*(-14 - -16). Suppose -c*w - 8*w = -3560. Calculate the remainder when w is divided by 20.
18
What is the remainder when ((-697)/68)/(6/(-120)) is divided by 128?
77
Suppose -3*f + 0 = 9, 0 = 2*a - 2*f - 124. Calculate the remainder when 89 is divided by a.
30
Calculate the remainder when 365 is divided by 2/(-12) + 79629/684 + 5/(-20).
17
Let w(f) = -f**2 + 6*f - 39. Let j be w(6). Let m = j + 27. What is the remainder when 3/m - 325/(-4) is divided by 17?
13
Suppose 621 = -6*l + 7*l + 4*j, 3*l - 5*j - 1914 = 0. What is the remainder when l is divided by 49?
45
Let s(w) = -w**3 - 33*w**2 - 271*w - 12. Calculate the remainder when 651 is divided by s(-18).
3
Suppose 5*a + 19*a = -393 + 6465. Calculate the remainder when 790 is divided by a.
31
What is the remainder when 6096/8 - (2 - (5 + -6)) is divided by 373?
13
Suppose -48*v - 20*v - 76717 = -203537. Calculate the remainder when v is divided by 382.
337
Let t = -1013 + 2135. Calculate the remainder when t is divided by 25.
22
Suppose 3*l = -278 + 263. What is the remainder when (-25)/(-10)*l*(-76)/10 is divided by 37?
21
What is the remainder when (62 + 33)*94/1 is divided by 58?
56
Let h = -3 + -31. Suppose 22*n = a + 25*n + 18, 5*a - 3*n = -108. Let z = a - h. Calculate the remainder when 62 is divided by z.
10
Suppose -36 = -2*h + 3*j - 5*j, 4*h - 4*j - 48 = 0. Let m be (0/(1 - -2))/1. Suppose -12*o + h*o - 21 = m. What is the remainder when 39 is divided by o?
4
Let g(z) = -37*z**3 + 8*z**2 - 5*z - 1. Let o be g(1). Let q(n) = -n**3 - 34*n**2 + 31*n - 37. Calculate the r